t j(z) = 4*z - 5*z - 5*z - 9*z + 12*z + 63. Determine j(19).
6
Let p(a) = a**3 + 34*a**2 - 194*a - 2. Let h be p(5). Let c(y) = y**3 - 4*y**2 - y + 4. Give c(h).
-8
Suppose 403*v - 2534 = 38*v + 3*v. Let a(k) = -2*k**2 + 11*k + 15. Give a(v).
-6
Let d(s) = -3*s**2 + 2. Let i = -5 + 10. Let k(n) = -3*n**2 + 2. Let b(o) = i*k(o) - 6*d(o). Let u = -3 - -5. Determine b(u).
10
Suppose 3*f + 2 = 4*f. Let g(y) = -y**3 - 8*y**2 - f*y - 2*y - 5*y - 2 + 1. Let o be ((-6)/(-15))/((-6)/90). What is g(o)?
-19
Suppose 0 = -4*z - l - 1 + 10, -3*z + 5 = -l. Let m(i) = 4 + z + 0 - i**2 + i - 8*i. Give m(-6).
12
Let l(o) = -o**3 - 6*o**2 + 13*o + 22. Let t be l(-9). Suppose -t + 156 = h. Let i(g) = g**2 - 8*g - 9. What is i(h)?
-9
Let x = -6196 - -6205. Let f(t) = -3*t + 33. Calculate f(x).
6
Let l(s) be the first derivative of -2 + 119 - s**2 + 0*s**2 + 86 - 5*s - 39. What is l(-3)?
1
Let s(l) = 2*l + 2. Suppose 5*p = 3*r + 18 + 14, 4*r - 2*p = -24. Let g(t) = 3*t + 2. Let u(x) = r*s(x) + g(x). Give u(-3).
9
Let o(z) = 5*z + 3. Let c(y) = -y**2 - 40*y - 75. Let r be c(-2). Determine o(r).
8
Let r(n) = 12*n**2 + 3*n + 1. Let j(b) = 5*b**3 - 219*b**2 - 48*b + 178. Let t be j(44). Calculate r(t).
55
Let v(a) be the third derivative of 7*a**4/24 + 95*a**3/6 + 1887*a**2. Give v(-14).
-3
Let y be 47/(((-3)/18)/((-1)/6)). Let o(g) = y*g + 5 - 44*g + 2. Calculate o(-4).
-5
Let f(j) = -59*j + 171. Let q be f(15). Let v = q - -708. Let h(p) = p**2 - 2. Determine h(v).
34
Suppose v - 12*v + 33 = 0. Let g(h) = -720*h**2 + 4*h - 718*h**2 - 4 + 1436*h**2. What is g(v)?
-10
Let n(h) = -5*h**2 - h - 2. Let c(s) = -s**2 - s - 4. Let k(v) = -2*c(v) + n(v). Calculate k(3).
-18
Let u = -485 + 498. Let v(l) = 2 - 4*l - 1 + u - 6 - 3. Calculate v(-4).
21
Let a(q) = 27*q - 4. Let i(z) = -412*z + 15661. Let r be i(38). Calculate a(r).
131
Let a(f) = -11*f - f**3 + 1 - 50*f**2 + 58*f**2 + 7. Suppose 0 = 2*q - 8*q + 18. Suppose q*g - 10 = 11. Determine a(g).
-20
Suppose -70*k + 11*k = 14*k - 146. Let l(a) be the first derivative of -5/2*a**k - 3*a + 4 - 1/4*a**4 - 5/3*a**3. Calculate l(-4).
1
Suppose 33*z - 32*z = 1. Suppose 0 = 4*b - 3*b - 2. Let j(f) = -3*f**b + 0*f**2 + 6*f**2 + 4*f**2. Determine j(z).
7
Let p(q) = q**2 + 3*q - 2. Let l(n) = n**2 + 13 - 19*n + 2*n**2 - 8*n**2 + 6*n. Let z(g) = l(g) + 6*p(g). Let f be (-16)/3 - (-4)/(-6). Determine z(f).
7
Suppose k = 4, 2*u = -3*k + 42 + 8. Let j(v) be the first derivative of -u - v + 1/2*v**2 - 4*v**3. What is j(1)?
-12
Let r(q) = q**2 + 4*q - 17. Suppose 0 = -11*a + 19*a + 408. Let k be (34/a)/(244/(-84) + 3). Calculate r(k).
4
Let j = 1 - 2. Let c be 9 + (-26)/3 - (-5)/3. Let u(p) = 5 + 63*p**3 - 118*p**3 - 4 + 0*p + c*p + 73*p**3. Calculate u(j).
-19
Suppose 11*o - 28 = 16. Suppose 2 = -5*x - 3*k - 8, -15 = 5*x + o*k. Let t be ((-16)/20)/(x/5). Let l(j) = j - 2. Determine l(t).
-6
Let z(p) be the second derivative of p**3 + 0*p**2 + 0 + 1/12*p**4 + p. Let v be 104/(-18) - ((-846)/(-162) + -6 + 1). Give z(v).
0
Let p(v) = -6*v + 3. Let h(k) = -81*k + 290. Let t be h(12). Let u = 680 + t. What is p(u)?
15
Let t(r) = -5*r**2 + 3*r - 16. Let i(j) = -6*j**2 + j - 26. Let p(d) = 6*i(d) - 7*t(d). What is p(-10)?
6
Let j(u) = u**2 + 7*u - 6. Let i be j(-8). Let b(o) = -16*o - 72. Let w be b(-29). Let k(n) = 9*n + w + 0*n**i - 394 - n**2. Determine k(8).
6
Suppose -4*h + 4*b = b - 6, 5*h - 3*b - 9 = 0. Suppose 0 = p - 17 + 5. Let c(x) = p + 3 - x - 13. Calculate c(h).
-1
Suppose 0 = 8*s + 5*s - 299. Suppose -3*a - s = 7. Let p(c) = c**2 + 10*c - 1. Calculate p(a).
-1
Let q(t) = -t**2 + 13*t - 19. Let r be q(8). Let s = 24 - r. Let c(k) = k**2 + 12*k**3 - 1 - 4*k**s - 10*k**3. Calculate c(2).
-13
Let o(j) = -j**2 - 60*j - 58. Let v be o(-59). Let s(r) = -4*r**2 - 3. Let l(k) = -3*k**2 - 4. Let g(q) = 2*l(q) - 3*s(q). What is g(v)?
7
Let j(w) = -w + 7. Let i be 2 - 9/(63/14). Suppose p - 4*z - 3 = i, 19 + 15 = 5*p - z. What is j(p)?
0
Let h be (-4)/((-4)/5) - 0. Let o = 13 - 11. Suppose 10 = 2*y, -h*z - o*y + 0 = -5. Let a(b) = 6*b**2 - 1. Determine a(z).
5
Suppose 759*t = 752*t + 126. Let h(n) = -17*n**3 - 12*n**3 - 9*n + 6*n**2 + 3*n + 3 - t*n**3 + 48*n**3. Let i be 2*(7/2)/(-1). Give h(i).
-4
Let q(j) = -16*j - 114. Suppose -14*z + 51 + 149 = -39*z. Give q(z).
14
Let y(o) = -7*o - 6. Let f(p) = 4*p + 3. Let q = 15 - 12. Let l(x) = -30*x - 25. Let j be l(-1). Let u(s) = j*f(s) + q*y(s). Calculate u(-5).
2
Suppose 126 = 872*w - 866*w. Suppose -23*v + 30*v = w. Let p(k) = k**2 - 7*k + 6. Calculate p(v).
-6
Suppose -10*l = -13*l + 24. Suppose -2*b + l = -8. Let z(k) = k**2 - 6*k - 7. Determine z(b).
9
Suppose 2*g = 7*g - 5. Let x be ((-8)/6)/((-6)/9). Let l(h) = 101*h**x - 2 + 1 - 97*h**2. Determine l(g).
3
Let x(l) = 2*l**2 + 5*l + 7. Let k = 2759 + -2765. Give x(k).
49
Let d(r) = -5*r - 9. Suppose -c - 5*m + 28 = 0, -6 = 9*c - 6*c - 3*m. Give d(c).
-24
Suppose -2*o = 3*c - 4, 0 = 2*o - 5*c - 1 - 3. Let z(t) = 8*t - 3 - o*t - 205*t**2 + 206*t**2. Calculate z(-5).
-8
Let b(l) = 10*l + 60. Let v be b(-5). Suppose 4*g - 6*n + v*n - 28 = 0, -n + 1 = 0. Let c(r) = r**3 - 8*r**2 + 8*r. What is c(g)?
-24
Let s(q) be the first derivative of q**4/4 + q**3 - 2*q**2 + q + 19. Let k(p) = 3*p - 10. Let h be k(2). What is s(h)?
1
Suppose 0 = -2*x + 2*u - 16, 2*x - 115 = 4*u - 137. Let o(a) = 2*a**3 + 13*a**2 + 10*a - 1. What is o(x)?
24
Suppose 2 = -s - 0*s. Let w = 3 - s. Let a(b) = -53*b**2 - 88*b + 131. Let d(i) = -11*i**2 - 18*i + 27. Let z(g) = 6*a(g) - 29*d(g). Calculate z(w).
-2
Suppose -r = 3*t + 18, 3*r - 8*r = -4*t - 5. Let j be ((-52)/(-130))/((-1)/t). Let q(s) = 3*s**2 - 2. What is q(j)?
10
Suppose 83*k = 82*k, -5*k + 9 = 3*b. Let u(z) = 6*z + 4*z - 2*z**2 - 4*z + 1 - 2*z. What is u(b)?
-5
Let x(b) = 4 - 1 + 2 - 2*b - 3. Let m(s) = -7*s + 8. Let l be m(2). What is x(l)?
14
Let y be 1/((-1)/(-1)) + -1. Let n(h) = h - 5. Let i be n(y). Let f(l) be the second derivative of l**4/12 + 2*l**3/3 - 2*l**2 + 994*l - 4. Calculate f(i).
1
Let w(k) = k**2 - 8*k - 8. Let m be (-92)/(-12) + -7 + 227/(-3). Let p = m - -84. What is w(p)?
1
Suppose n - 2*m - 3 = 5, -5*n - m = -73. Let q(l) = l**2 - 9*l - 79. Calculate q(n).
-9
Let s(q) = -7*q**3 - 2*q**2 + 6*q - 3. Suppose 10*n = -3*g + 9*n + 7, 5*g - 25 = -5*n. Give s(g).
-6
Let l(t) = -t + 7. Suppose 9*c - 7*c + 12 = 0. Let o be ((-56)/(-48) + 1/c)/(-1). Let n be 1*(9 + (0 - o)). Give l(n).
-3
Suppose -11*d + 1315 = -1127. Suppose -6*k + d = 216. Let b(r) be the third derivative of -r**5/60 + r**4/24 - r**3/6 + 2*r**2. Calculate b(k).
-1
Let r(k) be the first derivative of k**3/3 - 15*k**2/2 + 50*k - 230. Determine r(3).
14
Let f(c) = -4*c**2 + 8. Let m(u) = -u**2 + 1. Let j(h) = -f(h) + 8*m(h). Suppose -67*q - 4 = l - 68*q, -2*q = -3*l - 9. Calculate j(l).
-4
Suppose -k - 4*u - 2 = -6*u, 5*u - 14 = -2*k. Let r(o) = 3*o**3 - 2*o**2 - 5*o + 2. Calculate r(k).
8
Let t = -23637 - -23652. Let s(p) = -3*p + 44. Determine s(t).
-1
Let l(i) = 5*i - 9*i - 33*i - 7691 + 7676. Determine l(-5).
170
Let s(m) = -m + 10. Suppose 2*k - 3*q - 18 = 0, 3*k + 0*q - 3*q - 24 = 0. Suppose -7*u - k*u + 104 = 0. Give s(u).
2
Let i(b) be the third derivative of b**6/30 - b**4/12 + b**3/6 + 18*b**2. Suppose 14 = h + 4*y, 5*y = h - 3*h + 19. Suppose h*c + 3*c = 5. Give i(c).
3
Let a(h) = 6 - 71*h - 2*h**2 - 68*h + 137*h. What is a(0)?
6
Let f(t) = -5*t**3 + 4*t**3 - 68757*t**2 + 68762*t**2 + 4*t + 3. Determine f(6).
-9
Let y(t) = 3*t**2 + 4*t + 3. Let u be 13 - 3 - 12/3*-1. Let x(k) = 31 + k - 7 - u + k. Let n be x(-6). Calculate y(n).
7
Let x(h) = -8*h**2 + 10*h. Let z be x(1). Let c(s) be the third derivative of -5/24*s**4 + 1/60*s**5 - 16*s**z + 0 + 0*s + 2/3*s**3. Calculate c(6).
10
Let k(h) = -2*h**2 + 21*h + 8. Let t(g) = -2*g**2 + 9*g + 121. Let y be t(10). Determine k(y).
-3
Let f(c) = 9*c + 2. Let g(m) = -m**2 + 17*m + 33. Let x be g(-2). Give f(x).
-43
Let d be (-1)/((9/24)/(-3)). Let g be ((-20)/d - -3)*0. Let j(a) = -4 + 117*a - 54*a - 64*a. Give j(g).
-4
Let m be 3/((-42)/(-58)) - (-12)/(-84). Let u(q) = 12*q**2 - 45*q**2 + 1 - m*q + 14*q**2 + 20*q**2. What is u(5)?
6
Let i be 72/(-16)*(-4)/6. Suppose -u = i*k + 3, -5*u + u + 16 = -2*k. Let r be k/4 - (-2)/4. Let s(p) = p + 3. Give s(r).
3
Let s be (-748)/(-55)*(-